{"id":260,"date":"2023-11-03T21:03:29","date_gmt":"2023-11-03T21:03:29","guid":{"rendered":"https:\/\/pfotodog.de\/?page_id=260"},"modified":"2024-11-12T17:49:30","modified_gmt":"2024-11-12T17:49:30","slug":"jim","status":"publish","type":"page","link":"https:\/\/pfotodog.de\/?page_id=260","title":{"rendered":"Jim"},"content":{"rendered":"<div class=\"wp-block-image\">\n<figure class=\"aligncenter size-large is-resized\"><img loading=\"lazy\" decoding=\"async\" width=\"1024\" height=\"250\" src=\"https:\/\/pfotodog.de\/wp-content\/uploads\/2023\/11\/Jim_profil1-1024x250.jpg\" alt=\"\" class=\"wp-image-261\" style=\"aspect-ratio:4.096;width:568px;height:auto\" srcset=\"https:\/\/pfotodog.de\/wp-content\/uploads\/2023\/11\/Jim_profil1-1024x250.jpg 1024w, https:\/\/pfotodog.de\/wp-content\/uploads\/2023\/11\/Jim_profil1-300x73.jpg 300w, https:\/\/pfotodog.de\/wp-content\/uploads\/2023\/11\/Jim_profil1-768x187.jpg 768w, https:\/\/pfotodog.de\/wp-content\/uploads\/2023\/11\/Jim_profil1-246x60.jpg 246w, https:\/\/pfotodog.de\/wp-content\/uploads\/2023\/11\/Jim_profil1.jpg 1500w\" sizes=\"auto, (max-width: 1024px) 100vw, 1024px\" \/><\/figure>\n<\/div>\n\n\n<p class=\"has-text-align-center\">Geboren am 04.05.2019 (Somebody to love von den Traumpfoten)<br>Zuchtbuchnummer: VDH\/ZBrH BOC&nbsp;23375 <br>Z\u00fcchter:<a rel=\"noreferrer noopener\" href=\"https:\/\/www.von-den-traumpfoten.de\/index.php\" target=\"_blank\"> Susi und Matthias Fahrig<\/a><\/p>\n\n\n\n<p class=\"has-text-align-center\"><\/p>\n\n\n\n<p class=\"has-text-align-center\">Jim hat sich zu einem fr\u00f6hlichen und zuverl\u00e4ssigem Begleiter entwickelt. Er liebt nach wie vor alles und jeden. Er lebt glaube ich um gestreichelt zu werden, egal von wem. Kinder findet er besonders toll und begleitete mich sogar zu Ausfl\u00fcgen mit der Krabbelgruppe meiner Tochter. Er ist sehr ausgeglichen allem<br>gegen\u00fcber und niemals schreckhaft. Er hat sogar auf der Fahrt mit dem alten Dampfzug geschlafen. Er arbeitet gerne und konzentriert ohne zu fordern. Eine Leine br\u00e4uchte er im Alltag nicht, man kann sich auf<br>ihn verlassen.<\/p>\n\n\n\n<p class=\"has-text-align-center\">Mittlerweile habe ich Jim beigebracht Schl\u00fcssel zu suchen.<br>Das ist eine Mischung aus Objektsuche und Geruchsdifferenzierung. Er darf an der Hand des Schl\u00fcsselbesitzers riechen und soll dann ein Gebiet systematisch nach Gegenst\u00e4nden absuchen, die nach dieser Person riechen und sie durch Hinlegen anzeigen. Im Nachbarort konnte er damit schon jemandem Helfen und kam sogar in der <a href=\"https:\/\/pfotodog.de\/wp-content\/uploads\/2023\/11\/Zeitungsartikel_Stg_Schluessel_Jim-scaled.jpg\" data-type=\"attachment\" data-id=\"272\" target=\"_blank\" rel=\"noreferrer noopener\">Stuttgarter Zeitung<\/a> und im SWR Fernsehen.<\/p>\n\n\n\n<p class=\"has-text-align-center\"><iframe loading=\"lazy\" src=\"https:\/\/www.ardmediathek.de\/embed\/Y3JpZDovL3N3ci5kZS9hZXgvbzE4MjA0NjQ\" width=\"640\" height=\"360\" frameborder=\"0\" scrolling=\"no\" allowfullscreen=\"allowfullscreen\"><\/iframe><\/p>\n\n\n\n<p><\/p>\n\n\n\n<p class=\"has-text-align-center\">Unsere Hobbies sind Rally Obedience, Trickdog und Mantrailen. Obwohl wir nur sehr wenig Turniere besuchen, haben wir es schon recht schnell in Klasse 3 im RallyObedience geschafft. <br>2024 durften wir den SWHV auf der Deutschen Meisterschaft des DHV vertreten und haben super abgeschnitten.<\/p>\n\n\n\n<p> <\/p>\n\n\n<div class=\"wp-block-image\">\n<figure class=\"aligncenter size-large is-resized\"><img loading=\"lazy\" decoding=\"async\" width=\"768\" height=\"1024\" src=\"https:\/\/pfotodog.de\/wp-content\/uploads\/2024\/11\/dm-jim-768x1024.jpg\" alt=\"\" class=\"wp-image-859\" style=\"width:238px;height:auto\" srcset=\"https:\/\/pfotodog.de\/wp-content\/uploads\/2024\/11\/dm-jim-768x1024.jpg 768w, https:\/\/pfotodog.de\/wp-content\/uploads\/2024\/11\/dm-jim-225x300.jpg 225w, https:\/\/pfotodog.de\/wp-content\/uploads\/2024\/11\/dm-jim-1152x1536.jpg 1152w, https:\/\/pfotodog.de\/wp-content\/uploads\/2024\/11\/dm-jim.jpg 1536w\" sizes=\"auto, (max-width: 768px) 100vw, 768px\" \/><\/figure>\n<\/div>\n\n\n<p> <\/p>\n\n\n\n<p class=\"has-text-align-center\"> Qualilauf am Samstag 99\/100Punkten Platz 4 von 108 und <br>Sonntags im Finale mit nur einem Fehler 95\/100Punkten den Platz 6. von 40 Startern. <br>Ich bin sehr stolz auf den Buben!<\/p>\n\n\n\nngg_shortcode_0_placeholder\n","protected":false},"excerpt":{"rendered":"<p>Geboren am 04.05.2019 (Somebody to love von den Traumpfoten)Zuchtbuchnummer: VDH\/ZBrH BOC&nbsp;23375 Z\u00fcchter: Susi und Matthias Fahrig Jim hat sich zu einem fr\u00f6hlichen und zuverl\u00e4ssigem Begleiter entwickelt. Er liebt nach wie vor alles und jeden. Er lebt glaube ich um gestreichelt zu werden, egal von wem. Kinder findet er besonders toll und begleitete mich sogar zu &hellip; <\/p>\n","protected":false},"author":1,"featured_media":0,"parent":0,"menu_order":0,"comment_status":"closed","ping_status":"closed","template":"","meta":{"ngg_post_thumbnail":0,"footnotes":""},"class_list":["post-260","page","type-page","status-publish","hentry"],"_links":{"self":[{"href":"https:\/\/pfotodog.de\/index.php?rest_route=\/wp\/v2\/pages\/260","targetHints":{"allow":["GET"]}}],"collection":[{"href":"https:\/\/pfotodog.de\/index.php?rest_route=\/wp\/v2\/pages"}],"about":[{"href":"https:\/\/pfotodog.de\/index.php?rest_route=\/wp\/v2\/types\/page"}],"author":[{"embeddable":true,"href":"https:\/\/pfotodog.de\/index.php?rest_route=\/wp\/v2\/users\/1"}],"replies":[{"embeddable":true,"href":"https:\/\/pfotodog.de\/index.php?rest_route=%2Fwp%2Fv2%2Fcomments&post=260"}],"version-history":[{"count":11,"href":"https:\/\/pfotodog.de\/index.php?rest_route=\/wp\/v2\/pages\/260\/revisions"}],"predecessor-version":[{"id":860,"href":"https:\/\/pfotodog.de\/index.php?rest_route=\/wp\/v2\/pages\/260\/revisions\/860"}],"wp:attachment":[{"href":"https:\/\/pfotodog.de\/index.php?rest_route=%2Fwp%2Fv2%2Fmedia&parent=260"}],"curies":[{"name":"wp","href":"https:\/\/api.w.org\/{rel}","templated":true}]}}

<div class="wp-block-image">
<figure class="aligncenter size-large is-resized"><img loading="lazy" decoding="async" width="1024" height="250" src="https://pfotodog.de/wp-content/uploads/2023/11/Jim_profil1-1024x250.jpg" alt="" class="wp-image-261" style="aspect-ratio:4.096;width:568px;height:auto" srcset="https://pfotodog.de/wp-content/uploads/2023/11/Jim_profil1-1024x250.jpg 1024w, https://pfotodog.de/wp-content/uploads/2023/11/Jim_profil1-300x73.jpg 300w, https://pfotodog.de/wp-content/uploads/2023/11/Jim_profil1-768x187.jpg 768w, https://pfotodog.de/wp-content/uploads/2023/11/Jim_profil1-246x60.jpg 246w, https://pfotodog.de/wp-content/uploads/2023/11/Jim_profil1.jpg 1500w" sizes="auto, (max-width: 1024px) 100vw, 1024px" /></figure>
</div>


<p class="has-text-align-center">Geboren am 04.05.2019 (Somebody to love von den Traumpfoten)<br>Zuchtbuchnummer: VDH/ZBrH BOC&nbsp;23375 <br>Züchter:<a rel="noreferrer noopener" href="https://www.von-den-traumpfoten.de/index.php" target="_blank"> Susi und Matthias Fahrig</a></p>



<p class="has-text-align-center"></p>



<p class="has-text-align-center">Jim hat sich zu einem fröhlichen und zuverlässigem Begleiter entwickelt. Er liebt nach wie vor alles und jeden. Er lebt glaube ich um gestreichelt zu werden, egal von wem. Kinder findet er besonders toll und begleitete mich sogar zu Ausflügen mit der Krabbelgruppe meiner Tochter. Er ist sehr ausgeglichen allem<br>gegenüber und niemals schreckhaft. Er hat sogar auf der Fahrt mit dem alten Dampfzug geschlafen. Er arbeitet gerne und konzentriert ohne zu fordern. Eine Leine bräuchte er im Alltag nicht, man kann sich auf<br>ihn verlassen.</p>



<p class="has-text-align-center">Mittlerweile habe ich Jim beigebracht Schlüssel zu suchen.<br>Das ist eine Mischung aus Objektsuche und Geruchsdifferenzierung. Er darf an der Hand des Schlüsselbesitzers riechen und soll dann ein Gebiet systematisch nach Gegenständen absuchen, die nach dieser Person riechen und sie durch Hinlegen anzeigen. Im Nachbarort konnte er damit schon jemandem Helfen und kam sogar in der <a href="https://pfotodog.de/wp-content/uploads/2023/11/Zeitungsartikel_Stg_Schluessel_Jim-scaled.jpg" data-type="attachment" data-id="272" target="_blank" rel="noreferrer noopener">Stuttgarter Zeitung</a> und im SWR Fernsehen.</p>



<p class="has-text-align-center"><iframe loading="lazy" src="https://www.ardmediathek.de/embed/Y3JpZDovL3N3ci5kZS9hZXgvbzE4MjA0NjQ" width="640" height="360" frameborder="0" scrolling="no" allowfullscreen="allowfullscreen"></iframe></p>



<p></p>



<p class="has-text-align-center">Unsere Hobbies sind Rally Obedience, Trickdog und Mantrailen. Obwohl wir nur sehr wenig Turniere besuchen, haben wir es schon recht schnell in Klasse 3 im RallyObedience geschafft. <br>2024 durften wir den SWHV auf der Deutschen Meisterschaft des DHV vertreten und haben super abgeschnitten.</p>



<p> </p>


<div class="wp-block-image">
<figure class="aligncenter size-large is-resized"><img loading="lazy" decoding="async" width="768" height="1024" src="https://pfotodog.de/wp-content/uploads/2024/11/dm-jim-768x1024.jpg" alt="" class="wp-image-859" style="width:238px;height:auto" srcset="https://pfotodog.de/wp-content/uploads/2024/11/dm-jim-768x1024.jpg 768w, https://pfotodog.de/wp-content/uploads/2024/11/dm-jim-225x300.jpg 225w, https://pfotodog.de/wp-content/uploads/2024/11/dm-jim-1152x1536.jpg 1152w, https://pfotodog.de/wp-content/uploads/2024/11/dm-jim.jpg 1536w" sizes="auto, (max-width: 768px) 100vw, 768px" /></figure>
</div>


<p> </p>



<p class="has-text-align-center"> Qualilauf am Samstag 99/100Punkten Platz 4 von 108 und <br>Sonntags im Finale mit nur einem Fehler 95/100Punkten den Platz 6. von 40 Startern. <br>Ich bin sehr stolz auf den Buben!</p>



ngg_shortcode_0_placeholder

<p>Geboren am 04.05.2019 (Somebody to love von den Traumpfoten)Zuchtbuchnummer: VDH/ZBrH BOC&nbsp;23375 Züchter: Susi und Matthias Fahrig Jim hat sich zu einem fröhlichen und zuverlässigem Begleiter entwickelt. Er liebt nach wie vor alles und jeden. Er lebt glaube ich um gestreichelt zu werden, egal von wem. Kinder findet er besonders toll und begleitete mich sogar zu &hellip; </p>
